st the prime factors of 27664911.
3, 3073879
List the prime factors of 576652753.
3947, 146099
List the prime factors of 1537451950.
2, 5, 17, 1808767
What are the prime factors of 187890213?
3, 7, 8947153
What are the prime factors of 66964236?
2, 3, 5580353
What are the prime factors of 497840599?
15647, 31817
List the prime factors of 4158827384.
2, 7673, 67751
List the prime factors of 3003122944.
2, 11730949
What are the prime factors of 2016051861?
3, 31, 43, 504139
List the prime factors of 63577434.
2, 3, 1847, 5737
List the prime factors of 20178885.
3, 5, 59, 151
List the prime factors of 1705958029.
367, 4648387
What are the prime factors of 113789218?
2, 56894609
What are the prime factors of 824151405?
3, 5, 7, 11, 83, 8597
List the prime factors of 1799734236.
2, 3, 367, 408659
What are the prime factors of 121000288?
2, 17, 347, 641
List the prime factors of 131332194.
2, 3, 7, 47, 67, 331
What are the prime factors of 86740806?
2, 3, 14456801
What are the prime factors of 768782699?
768782699
List the prime factors of 1534397974.
2, 767198987
List the prime factors of 4236281582.
2, 13, 97, 101, 16631
What are the prime factors of 178514561?
4733, 37717
What are the prime factors of 110904489?
3, 431, 28591
List the prime factors of 156236625.
3, 5, 113, 1229
List the prime factors of 684080726.
2, 7, 6101, 8009
What are the prime factors of 67114790?
2, 5, 491, 13669
List the prime factors of 878300117.
37, 79, 487, 617
What are the prime factors of 1265974703?
7, 101, 17729
List the prime factors of 6210040.
2, 5, 155251
List the prime factors of 4783786680.
2, 3, 5, 2341, 17029
What are the prime factors of 95905324?
2, 4547, 5273
List the prime factors of 69604649.
69604649
List the prime factors of 111247752.
2, 3, 7, 11, 37, 1627
List the prime factors of 29864818.
2, 17, 878377
What are the prime factors of 160974443?
7, 2543, 9043
List the prime factors of 242468234.
2, 19, 227, 28109
List the prime factors of 50447599.
73, 691063
List the prime factors of 70592194.
2, 17, 307, 6763
List the prime factors of 389337674.
2, 11, 577, 30671
List the prime factors of 193427624.
2, 13, 1859881
What are the prime factors of 878646996?
2, 3, 24406861
What are the prime factors of 29771114?
2, 17, 875621
List the prime factors of 18365095.
5, 7, 647, 811
List the prime factors of 640282779.
3, 61, 388757
List the prime factors of 81740899.
307, 449, 593
What are the prime factors of 94323480?
2, 3, 5, 17, 46237
What are the prime factors of 169993146?
2, 3, 839, 33769
What are the prime factors of 114749403?
3, 38249801
List the prime factors of 3069093472.
2, 53, 103, 17569
What are the prime factors of 32518549?
7, 4645507
List the prime factors of 75324506.
2, 37662253
List the prime factors of 4805542268.
2, 41, 29302087
List the prime factors of 1553103544.
2, 17, 277, 41227
List the prime factors of 56059810.
2, 5, 37, 103, 1471
What are the prime factors of 331377021?
3, 12273223
What are the prime factors of 507853357?
11, 46168487
What are the prime factors of 134676575?
5, 11, 489733
What are the prime factors of 2543558365?
5, 17597, 28909
What are the prime factors of 270155509?
13, 19, 1093747
What are the prime factors of 93293911?
23, 31, 5689
What are the prime factors of 36772574?
2, 18386287
List the prime factors of 657249542.
2, 167, 1967813
What are the prime factors of 5837086157?
7, 29, 61, 317, 1487
What are the prime factors of 39781281?
3, 59, 317, 709
List the prime factors of 78797260.
2, 5, 1327, 2969
List the prime factors of 258138744.
2, 3, 17, 29, 21817
What are the prime factors of 140224481?
211, 664571
What are the prime factors of 1229511806?
2, 614755903
List the prime factors of 18514801.
227, 81563
What are the prime factors of 1300964797?
11, 17, 6957031
List the prime factors of 274708953.
3, 163, 199, 941
What are the prime factors of 904445549?
7, 239, 540613
What are the prime factors of 141246094?
2, 11, 37, 73, 2377
List the prime factors of 15051987.
3, 17, 643
List the prime factors of 99310356.
2, 3, 181, 15241
What are the prime factors of 1464499970?
2, 5, 197, 743401
What are the prime factors of 47902546?
2, 941, 25453
What are the prime factors of 1795178376?
2, 3, 17, 107, 1523
List the prime factors of 111432486.
2, 3, 11, 1688371
List the prime factors of 6155119598.
2, 173, 17789363
List the prime factors of 986279668.
2, 11, 22415447
List the prime factors of 755758071.
3, 103, 815273
List the prime factors of 6347976.
2, 3, 19, 13921
List the prime factors of 36508757.
1303, 28019
List the prime factors of 18280980.
2, 3, 5, 101561
List the prime factors of 48419345.
5, 13, 57301
What are the prime factors of 98314784?
2, 521, 5897
List the prime factors of 42215367.
3, 14071789
What are the prime factors of 20153692?
2, 13, 59, 6569
What are the prime factors of 3592086470?
2, 5, 7, 51315521
What are the prime factors of 1673683573?
23, 383, 189997
List the prime factors of 4708637737.
271, 17375047
List the prime factors of 1310789927.
1310789927
What are the prime factors of 864897255?
3, 5, 41, 547, 857
List the prime factors of 50883230.
2, 5, 167, 30469
List the prime factors of 654146671.
654146671
List the prime factors of 125880229.
125880229
List the prime factors of 17065738.
2, 79, 108011
List the prime factors of 538248984.
2, 3, 7, 13, 41, 6011
List the prime factors of 514333125.
3, 5, 29, 1051
List the prime factors of 188871701.
53, 409, 8713
List the prime factors of 1993292162.
2, 41, 24308441
What are the prime factors of 466508004?
2, 3, 41, 948187
What are the prime factors of 698095391?
7, 37, 139, 19391
List the prime factors of 290070045.
3, 5, 43, 107, 467
List the prime factors of 22999397.
22999397
List the prime factors of 434273801.
13, 33405677
List the prime factors of 5712296.
2, 714037
What are the prime factors of 373341277?
31, 12043267
What are the prime factors of 2080211348?
2, 1381, 376577
What are the prime factors of 619231295?
5, 89, 163, 8537
What are the prime factors of 61002515?
5, 7, 29, 60101
What are the prime factors of 192194268?
2, 3, 7, 311, 1051
List the prime factors of 365803176.
2, 3, 311, 49009
What are the prime factors of 149079677?
10391, 14347
List the prime factors of 94569667.
29, 3261023
List the prime factors of 99724774.
2, 101, 383, 1289
What are the prime factors of 2584563450?
2, 3, 5, 7, 2461489
What are the prime factors of 104691164?
2, 26172791
What are the prime factors of 63618054?
2, 3, 29, 131, 2791
What are the prime factors of 469749800?
2, 5, 13, 79, 2287
What are the prime factors of 356589549?
3, 19, 2085319
What are the prime factors of 22533937?
22533937
List the prime factors of 222436500.
2, 3, 5, 11, 13, 17, 61
What are the prime factors of 383223563?
5009, 76507
What are the prime factors of 16637910?
2, 3, 5, 554597
What are the prime factors of 183627369?
3, 67, 304523
What are the prime factors of 49504256?
2, 6043
What are the prime factors of 2241786891?
3, 401, 1863497
What are the prime factors of 95223654?
2, 3, 1763401
List the prime factors of 24955075.
5, 19, 107, 491
List the prime factors of 2580922390.
2, 5, 107, 2412077
What are the prime factors of 3029114858?
2, 7, 11, 23, 855199
What are the prime factors of 305278985?
5, 11, 19, 292133
List the prime factors of 919668423.
3, 1607, 190763
What are the prime factors of 339679115?
5, 2053, 33091
List the prime factors of 1176636183.
3, 392212061
List the prime factors of 22922584.
2, 73, 39251
List the prime factors of 1534353758.
2, 7, 15656671
List the prime factors of 38438860.
2, 5, 349, 5507
What are the prime factors of 330979326?
2, 3, 97, 691, 823
What are the prime factors of 13488644?
2, 13, 259397
List the prime factors of 5865870688.
2, 23, 239, 33347
List the prime factors of 2815850526.
2, 3, 29, 16183049
What are the prime factors of 1130786?
2, 565393
List the prime factors of 2021017752.
2, 3, 13, 2159207
What are the prime factors of 217902540?
2, 3, 5, 79, 45971
What are the prime factors of 30063710?
2, 5, 3006371
What are the prime factors of 215063849?
7, 11, 13, 214849
List the prime factors of 46307035.
5, 59, 79, 1987
What are the prime factors of 3010379724?
2, 3, 11, 1973, 3853
List 